{"id":1484,"date":"2017-03-13T16:27:28","date_gmt":"2017-03-13T15:27:28","guid":{"rendered":"http:\/\/www.qv-langenstein-altenburg.ch\/?page_id=1484"},"modified":"2018-02-23T11:42:10","modified_gmt":"2018-02-23T10:42:10","slug":"programm-2017","status":"publish","type":"page","link":"https:\/\/www.qv-langenstein-altenburg.ch\/?page_id=1484","title":{"rendered":"Programm 2017"},"content":{"rendered":"<p style=\"font-size: 2em; font-weight: bold; line-height: 100%;\">113. Generalversammlung des QV<\/p>\n<p><strong>Freitag, 24. M\u00e4rz 2017, 19 Uhr, Restaurant Zwyssighof<\/strong><\/p>\n<p>In gewohnter Manier fand die GV 2017 im Restaurant Zwyssighof statt, wo uns erstmals das Team um Herrn Patoli bewirtete.<br \/>\n56 Mitglieder, begr\u00fcsst durch Co-Pr\u00e4sident Beat Suter, genossen zuerst das vom Verein offerierte Menue an den sch\u00f6n dekorierten Tischen im grossen Saal.<br \/>\nAnschliessend f\u00fchrte Beat Suter locker und z\u00fcgig durch den offiziellen Teil des Abends. Da keine Wahlen und keine ausserordentlichen Gesch\u00e4fte anstanden, konnten alle Traktanden ohne Diskussion abgewickelt werden.<br \/>\nDer diesj\u00e4hrige Unterst\u00fctzungsbeitrag des QVLA, welcher jeweils einer im Quartierbereich engagierten Institution oder Tr\u00e4gerschaft zugesprochen wird, ging dieses Jahr an den Verein treff.punkt. Hier leistet eine grosse Zahl Freiwilliger wertvolle Integrationsarbeit f\u00fcr asylsuchende Menschen in Wettingen, \u201ein der Ueberzeugung, dass nicht jeder Mensch das Gl\u00fcck hat, in einer friedlichen und sicheren Umgebung geboren zu werden und darum die Unterst\u00fctzung jener verdient, welche dieses Gl\u00fcck hatten\u201c (siehe Homepage des Vereins treffpunktwettingen.ch). Pr\u00e4sident Odo Camponovo erl\u00e4uterte unseren Mitgliedern die Aktivit\u00e4ten seines Vereins und nahm den originell verpackten Gutschein \u00fcber Fr. 500 entgegen.<br \/>\nNach dem anschliessenden Dessert blieb noch Zeit f\u00fcr nachbarschaftliche Gespr\u00e4che zu lokalem und globalem Geschehen.<\/p>\n<p><a href=\"https:\/\/www.qv-langenstein-altenburg.ch\/wp-content\/uploads\/2017\/03\/QV-Bulletin_2017_Web-2.pdf\" target=\"_blank\">Hier<\/a> finden Sie das Quartier-Bulletin\u00a0in vereinfachter Version als pdf.<\/p>\n<div class='dropdown_box '>\r\n\t<a href=\"#\" class=\"showmore\">\r\n\t\t<span class='view_modifier hide' data-show=\"Fotogalerie\" data-hide=\"weniger\">Fotogalerie<\/span> \t<\/a>\r\n\t<div class=\"inner_text hide\">\r\n\t\tngg_shortcode_0_placeholder\n\t<\/div>\r\n<\/div>\r\n\n<p style=\"font-size: 2em; font-weight: bold; line-height: 100%;\"><a href=\"https:\/\/www.qv-langenstein-altenburg.ch\/wp-content\/uploads\/2015\/03\/trennlinie5.jpg\"><img decoding=\"async\" src=\"https:\/\/www.qv-langenstein-altenburg.ch\/wp-content\/uploads\/2015\/03\/trennlinie5.jpg\" alt=\"\" \/><\/a><\/p>\n<p style=\"font-size: 2em; font-weight: bold; line-height: 100%;\"><strong>Boccia-Abend<\/strong><\/p>\n<p><strong>Mittwoch, 14. Juni 2017<\/strong><\/p>\n<p>Der Bocciaabend 2017 verlief in jeder Hinsicht so, wie man es sich w\u00fcnscht: Sichere Hochdruckwetterlage, ein lauschiger Sommerabend, ein volles \u201aStadion\u2019 von spielfreudigen Mitgliedern, packende Wettk\u00e4mpfe, feine W\u00fcrste, gen\u00fcgend Wein, Bier und Schatten.<br \/>\nAuf der Bahn ging durchaus die Post ab, Jubel und Applaus bei gelungenen W\u00fcrfen (oder im Fachjargon, doch eher St\u00f6ssen?) wechselten sich ab mit Jammern, wenn der gestrenge Schiedsrichter ein brutales \u201anulla\u2019 konstatierte. Vor allem unser Ex- Vizepr\u00e4sident Kurt Valli tat sich immer wieder als gnadenloser, keinen Schmeicheleien zug\u00e4nglicher Spielleiter hervor. Allerdings war auch seine Vorbereitungsarbeit wie gewohnt perfekt; keine Unebenheiten in der Bahn oder Kleespr\u00f6sslinge am Rand, welche eine Ausrede f\u00fcr misslungene W\u00fcrfe h\u00e4tten bieten k\u00f6nnen und ein ideales Grillkohlebett, auf welchem unsere Olma Bratw\u00fcrste gar nicht abverheien konnten.<br \/>\nDer gelungene Abend verlief in einer wunderbar fr\u00f6hlichen Stimmung und endete mit einem letzten Anstossen gegen 22:30 Uhr.<br \/>\nBesten Dank auch an Delfino und Renata vom Bocciaclub f\u00fcr ihren Beitrag an einen gelungenen Abend.<\/p>\n<p><a href=\"https:\/\/www.qv-langenstein-altenburg.ch\/wp-content\/uploads\/2017\/06\/IMG_2556-e1498766095256.jpg\"><img loading=\"lazy\" decoding=\"async\" class=\"alignnone size-medium wp-image-1591\" src=\"https:\/\/www.qv-langenstein-altenburg.ch\/wp-content\/uploads\/2017\/06\/IMG_2556-300x200.jpg\" alt=\"IMG_2556\" width=\"300\" height=\"200\" \/><\/a><a href=\"https:\/\/www.qv-langenstein-altenburg.ch\/wp-content\/uploads\/2017\/06\/IMG_2561-e1498766158830.jpg\"><img loading=\"lazy\" decoding=\"async\" class=\"alignnone size-medium wp-image-1595\" src=\"https:\/\/www.qv-langenstein-altenburg.ch\/wp-content\/uploads\/2017\/06\/IMG_2561-300x200.jpg\" alt=\"IMG_2561\" width=\"300\" height=\"200\" \/><\/a><br \/>\n<div class='dropdown_box '>\r\n\t<a href=\"#\" class=\"showmore\">\r\n\t\t<span class='view_modifier hide' data-show=\"Fotogalerie\" data-hide=\"weniger\">Fotogalerie<\/span> \t<\/a>\r\n\t<div class=\"inner_text hide\">\r\n\t\tngg_shortcode_1_placeholder\n\t<\/div>\r\n<\/div>\r\n<\/p>\n<p style=\"font-size: 2em; font-weight: bold; line-height: 100%;\"><a href=\"https:\/\/www.qv-langenstein-altenburg.ch\/wp-content\/uploads\/2015\/03\/trennlinie5.jpg\"><img decoding=\"async\" src=\"https:\/\/www.qv-langenstein-altenburg.ch\/wp-content\/uploads\/2015\/03\/trennlinie5.jpg\" alt=\"\" \/><\/a><\/p>\n<p style=\"font-size: 2em; font-weight: bold; line-height: 100%;\"><strong>Veranstaltung zum Tag der offenen G\u00e4rten<\/strong><\/p>\n<p><strong>Samstag, 17. Juni 2017<\/strong><\/p>\n<p>Am Tag der offenen G\u00e4rten trafen sich 23 Mitglieder bei herrlichem Sonnenschein unter dem grossen Kastanienbaum beim Schulhaus Altenburg. Zuerst lauschten wir den Ausf\u00fchrungen von Peter Paul St\u00f6ckli; Landschaftsarchitekt und profunder Kenner der Gartengeschichte und des Quartiers. Er erz\u00e4hlte zuerst Informatives zur Entwicklung des Quartiers und zur Bedeutung der G\u00e4rten. Anschliessend machten wir uns auf zum Quartierspaziergang. Vorbei an den Altenburgkinderg\u00e4rten mit dem alten Baumbestand und den \u00f6ffentlichen Gr\u00fcnfl\u00e4chen gings an den B\u00e4chliweg. Am Anfang bestaunten wir die die grosse Linde. In der Folge wurde auch \u00fcber den Erhalt des Baumbestandes und \u00fcber den Hochwasserschutz angeregt diskutiert. Durch das namenlose Weglein zwischen Neu- und Damianstrasse spazierten wir zum ersten Garten, den wir anschauen durften. Dieser Garten ist ein ausgezeichneter Pro Natura Schmetterlingsgarten. Er hat sich immer wieder den Bed\u00fcrfnissen der Familie angepasst und hat viele Blumen, Str\u00e4ucher, B\u00e4ume und Details zu entdecken. Weiter gings durch die unbefestigte Alpenstrasse zu einem japanischen Garten. Er besteht aus verschiedenen Teilen: Wasserspiel, spezielle Pflanzen und ein Meditationsgarten. In einem Teil mit Wasser und schattenspenden B\u00e4umen war es wunderbar k\u00fchl und wir wurden mit k\u00fchlem Wasser und Scones verw\u00f6hnt. Auf den B\u00e4nklein konnten wir die Ruhe auf uns wirken lassen. Anschliessend spazierten wir zu einem \u201est\u00e4dtischen Bauerngarten\u201c. Er entstand bei einem neuen Einfamilienhaus und ist immer noch am Werden. Die G\u00e4rtnerin beobachtet sehr genau, was gedeiht, l\u00e4sst Unbekanntes wachsen, um es sp\u00e4ter zu bestimmen. Es gibt Nischen f\u00fcr Tiere, Gem\u00fcse, Blumen, Beerenstr\u00e4ucher und auch der Freiraum f\u00fcr die Kinder darf nicht fehlen. Unterwegs hat uns Herr St\u00f6ckli immer wieder Informatives erz\u00e4hlt und uns auf Details aufmerksam gemacht.<\/p>\n<p>Vielen Dank den beiden G\u00e4rtnerinnen und dem G\u00e4rtner, dass wir ihre G\u00e4rten besuchen durften. Wir danken ebenso Herrn Peter Paul St\u00f6ckli ganz herzlich, dass er diese F\u00fchrung mit uns gemacht hat. Die Anwesenden haben diesen Nachmittag sehr genossen. Wir werden auch seine Worte, dass wir zu den \u00f6ffentlichen und privaten Freir\u00e4umen Sorge tragen sollen, in Erinnerung behalten. Beim abschliessenden Ap\u00e9ro im Garten von Gabrielle Gerber und Beat Suter wurde noch angeregt ausgetauscht.<\/p>\n<p><a href=\"https:\/\/www.qv-langenstein-altenburg.ch\/wp-content\/uploads\/2017\/06\/IMG_0460-2-e1498766378431.jpg\"><img loading=\"lazy\" decoding=\"async\" class=\"alignnone size-medium wp-image-1607\" src=\"https:\/\/www.qv-langenstein-altenburg.ch\/wp-content\/uploads\/2017\/06\/IMG_0460-2-225x300.jpg\" alt=\"IMG_0460 (2)\" width=\"225\" height=\"300\" \/><\/a><a href=\"https:\/\/www.qv-langenstein-altenburg.ch\/wp-content\/uploads\/2017\/06\/IMG_0068-12001.jpg\"><img loading=\"lazy\" decoding=\"async\" class=\"alignnone size-medium wp-image-1639\" src=\"https:\/\/www.qv-langenstein-altenburg.ch\/wp-content\/uploads\/2017\/06\/IMG_0068-12001-300x200.jpg\" alt=\"IMG_0068-1200\" width=\"300\" height=\"200\" srcset=\"https:\/\/www.qv-langenstein-altenburg.ch\/wp-content\/uploads\/2017\/06\/IMG_0068-12001-300x200.jpg 300w, https:\/\/www.qv-langenstein-altenburg.ch\/wp-content\/uploads\/2017\/06\/IMG_0068-12001-1024x683.jpg 1024w, https:\/\/www.qv-langenstein-altenburg.ch\/wp-content\/uploads\/2017\/06\/IMG_0068-12001-624x416.jpg 624w, https:\/\/www.qv-langenstein-altenburg.ch\/wp-content\/uploads\/2017\/06\/IMG_0068-12001.jpg 1200w\" sizes=\"auto, (max-width: 300px) 100vw, 300px\" \/><\/a><\/p>\n<div class='dropdown_box '>\r\n\t<a href=\"#\" class=\"showmore\">\r\n\t\t<span class='view_modifier hide' data-show=\"Fotogalerie\" data-hide=\"weniger\">Fotogalerie<\/span> \t<\/a>\r\n\t<div class=\"inner_text hide\">\r\n\t\tngg_shortcode_2_placeholder\n\t<\/div>\r\n<\/div>\r\n\n<p style=\"font-size: 2em; font-weight: bold; line-height: 100%;\"><a href=\"https:\/\/www.qv-langenstein-altenburg.ch\/wp-content\/uploads\/2015\/03\/trennlinie5.jpg\"><img decoding=\"async\" src=\"https:\/\/www.qv-langenstein-altenburg.ch\/wp-content\/uploads\/2015\/03\/trennlinie5.jpg\" alt=\"\" \/><\/a><\/p>\n<p style=\"font-size: 2em; font-weight: bold; line-height: 100%;\">Altenburgfest und Kinderflohmi<\/p>\n<p style=\"font-weight: bold; line-height: 100%;\">findet dieses Jahr ausnahmsweise nicht statt wegen der Badenfahrt, die vom 18. &#8211; 27. August stattfindet. N\u00e4chstes Jahr wieder wie immer im\u00a0August beim Altenburgschulhaus.<\/p>\n<p style=\"font-weight: bold; line-height: 100%;\"><a href=\"https:\/\/www.qv-langenstein-altenburg.ch\/wp-content\/uploads\/2015\/03\/trennlinie5.jpg\"><img decoding=\"async\" src=\"https:\/\/www.qv-langenstein-altenburg.ch\/wp-content\/uploads\/2015\/03\/trennlinie5.jpg\" alt=\"\" \/><\/a><\/p>\n<p style=\"font-size: 2em; font-weight: bold; line-height: 100%;\">F\u00fchrung Baustelle Schulhausplatz<\/p>\n<p><strong><strong>Samstag, 9.\u00a0<\/strong>September 2017<\/strong><\/p>\n<p>Eine Gruppe von etwa zwei Dutzend Personen versammelte sich an diesem Samstag im Kommandozentrum der Grossbaustelle Schulhausplatz, wo wir vom Bauchef, Herrn Michele Carrer pers\u00f6nlich, begr\u00fcsst wurden. Wir waren weder die ersten interessierten BesucherInnen noch die letzten; wir lagen so bei etwa 5000!<\/p>\n<p>Herrn Carrers Ausf\u00fchrungen, erst mit einer Pr\u00e4sentation und sp\u00e4ter auf der F\u00fchrung, liessen uns immer wieder staunen, mit welch unglaublicher Komplexit\u00e4t man bei einem solchen Unterfangen konfrontiert ist. Und was alles schief laufen k\u00f6nnte!<\/p>\n<p>Herrn Carrers Handy ist denn auch f\u00fcr ca. drei Jahre konstant empfangsbereit und es ist erstaunlich, dass der oberste Verantwortliche trotz aller Unw\u00e4gbarkeiten nach eigener Aussage nachts problemlos schlafen kann. Ein echter Profi eben.<\/p>\n<p>Wir erfuhren auch, wie viel einfacher und z\u00fcgiger ein solcher Bau durchgezogen werden k\u00f6nnte, wenn man das Areal abgrenzen k\u00f6nnte, statt stets die komplexen Verkehrsfl\u00fcsse gew\u00e4hrleisten zu m\u00fcssen. Und welche Sondermassnahmen die verr\u00fcckte Badenfahrtzeit erforderte, damit z.Bsp. kein bierseliger Badenf\u00e4hrtler die riesigen Kr\u00e4ne als Erweiterung der Lunapark-Attraktionen missbrauchen konnte.<\/p>\n<p>Nach dem spannenden Rundgang, der immer wieder Fragen hervorrief, entledigten wir uns unserer leuchtenden Schutzkleidung und genossen die von Vorstandsmiglied und Organisatorin des Anlasses, Yvonne Linge, gebackenen, k\u00f6stlichen W\u00e4henst\u00fccke.<\/p>\n<p>Alles in allem ein h\u00f6chst spannender Ausflug ins nachbarliche Baden.<br \/>\n<a href=\"https:\/\/www.qv-langenstein-altenburg.ch\/wp-content\/uploads\/2017\/11\/SHP2.jpg\"><img loading=\"lazy\" decoding=\"async\" class=\"alignnone  wp-image-1756\" src=\"https:\/\/www.qv-langenstein-altenburg.ch\/wp-content\/uploads\/2017\/11\/SHP2-300x225.jpg\" alt=\"SHP2\" width=\"296\" height=\"222\" srcset=\"https:\/\/www.qv-langenstein-altenburg.ch\/wp-content\/uploads\/2017\/11\/SHP2-300x225.jpg 300w, https:\/\/www.qv-langenstein-altenburg.ch\/wp-content\/uploads\/2017\/11\/SHP2-624x468.jpg 624w, https:\/\/www.qv-langenstein-altenburg.ch\/wp-content\/uploads\/2017\/11\/SHP2.jpg 640w\" sizes=\"auto, (max-width: 296px) 100vw, 296px\" \/><\/a>\u00a0 \u00a0\u00a0<a href=\"https:\/\/www.qv-langenstein-altenburg.ch\/wp-content\/uploads\/2017\/11\/SHP1.jpg\"><img loading=\"lazy\" decoding=\"async\" class=\"alignnone  wp-image-1755\" src=\"https:\/\/www.qv-langenstein-altenburg.ch\/wp-content\/uploads\/2017\/11\/SHP1-300x225.jpg\" alt=\"SHP1\" width=\"296\" height=\"222\" srcset=\"https:\/\/www.qv-langenstein-altenburg.ch\/wp-content\/uploads\/2017\/11\/SHP1-300x225.jpg 300w, https:\/\/www.qv-langenstein-altenburg.ch\/wp-content\/uploads\/2017\/11\/SHP1-624x468.jpg 624w, https:\/\/www.qv-langenstein-altenburg.ch\/wp-content\/uploads\/2017\/11\/SHP1.jpg 640w\" sizes=\"auto, (max-width: 296px) 100vw, 296px\" \/><\/a><\/p>\n<p><a href=\"https:\/\/www.qv-langenstein-altenburg.ch\/wp-content\/uploads\/2015\/03\/trennlinie5.jpg\"><img decoding=\"async\" src=\"https:\/\/www.qv-langenstein-altenburg.ch\/wp-content\/uploads\/2015\/03\/trennlinie5.jpg\" alt=\"\" \/><\/a><\/p>\n<p style=\"font-size: 2em; font-weight: bold; line-height: 100%;\"><strong>Drachenfliegen\u00a0f\u00fcr die ganze Familie<\/strong><\/p>\n<p><strong><strong>Sonntag, 22.\u00a0Oktober<\/strong>\u00a02017<\/strong><\/p>\n<p>Im Herbst bl\u00e4st der Wind und die Bl\u00e4tter wirbeln durch die Luft. Die richtige Zeit zum Drachenfliegen! Der Quartierverein Langenstein-Altenburg hat am Sonntag, 22. Oktober 2017 sein erstes Drachenfliegen durchgef\u00fchrt und weil es so sch\u00f6n war, soll es nicht das Letzte gewesen sein.<\/p>\n<p>Etwa 25 Drachenflieger, gross und klein, jung und alt haben sich an einem herbstlichen Sonntag im Terrassenbad Baden zum gemeinsamen Drachen fliegen eingefunden. Unter kundiger Anleitung und Mithilfe von Holger Linge und Julio Moral wurden die bunten Drachen zusammen gesetzt und in die Luft gebracht. Auf der Badiwiese standen bald mehrere Drachen am Himmel. Der Wind war etwas launisch und so mussten wir oft mit einem kurzen Anrennen nachhelfen, bis der Wind den Drachen packte und die Schnur spannte. Die Fortgeschrittenen konnten mit Julio und Holger Lenkdrachen ausprobieren. Es ging nicht lange und ein toller Flug endete bei einem Lichtkandelaber der Badi. Kein Problem f\u00fcr Thomas Zgraggen: mit Leiter und Bambusstange konnte er den Drachen befreien. Mit Kaffee, Getr\u00e4nken und Kuchen war auch f\u00fcr unser Wohl gesorgt.<\/p>\n<p>Ein gem\u00fctlicher Anlass f\u00fcr die ganze Familie draussen an der frischen Luft, den wir im 2018 wieder in das Programm aufnehmen wollen.<\/p>\n<p><a style=\"font-size: 1rem;\" href=\"https:\/\/www.qv-langenstein-altenburg.ch\/wp-content\/uploads\/2015\/03\/trennlinie5.jpg\"><img decoding=\"async\" src=\"https:\/\/www.qv-langenstein-altenburg.ch\/wp-content\/uploads\/2015\/03\/trennlinie5.jpg\" alt=\"\" \/><\/a><\/p>\n<p style=\"font-size: 2em; font-weight: bold; line-height: 100%;\"><strong>Metzgete im Restaurant Freihof<\/strong><\/p>\n<p><strong>Samstag, 18. November 2017<\/strong><\/p>\n<p>Wenn die kalten Wintertage kommen, braucht man was Deftiges im Magen, zum Beispiel eine feine Metzgete mit W\u00fcrsten, Schn\u00f6rrli, R\u00f6sti, Sauerkraut und \u00d6pfelschnitz. wie alle Jahre fand auch diesen November die traditionelle Metzgte statt.<\/p>\n<p>Aber:\u00a0Finden Sie die 5 klitzekleinen Fehlerim Text:<\/p>\n<div class=\"page\" title=\"Page 6\">\n<div class=\"layoutArea\">\n<div class=\"column\">\n<p>Dreissig Mitglieder des QVLA versammelten sich um 18 Uhr im S\u00e4\u00e4li des Restaurants Freihof, nachdem sie sicherheitshalber zu Hause einen \u00fcppigen Ap\u00e9ro zu sich genommen hatten. Nachdem alle ihre Pl\u00e4tze gefunden und ihre Getr\u00e4nke bestellt hatten, baute das Team um Herrn und Frau H\u00fcrlimann das bescheidene Buffet auf. Das Gedr\u00e4nge beim selber Sch\u00f6pfen r\u00fchrte wohl daher, dass die G\u00e4ste das begr\u00fcndete Gef\u00fchl hatten,\u00a0dass das Angebot bald weggegessen\u00a0sein k\u00f6nnte. Der weitere Verlauf des Abends zeichnete sich durch nur von Kauger\u00e4uschen durchbrochene Stille aus, Gespr\u00e4chsthemen waren offenbar Mangelware.\u00a0Zum vom QV offerierten Kaffee bestellte dann die grosse Mehrheit Schwarzw\u00e4ldertorte oder Coupe D\u00e4nemark als Dessert.<\/p>\n<\/div>\n<div class=\"column\">\n<p>Sie sind bestimmt f\u00fcndig geworden,\u00a0was da alles nicht stimmt! Der Anlass hinterliess hoch zufriedene und reich ges\u00e4ttigte TeilnehmerInnen und steht selbstverst\u00e4ndlich auch im n\u00e4chsten Jahr wieder im Programm. Vielen Dank dem umtriebigen Freihof Team.<\/p>\n<\/div>\n<\/div>\n<\/div>\n<p><a href=\"https:\/\/www.qv-langenstein-altenburg.ch\/wp-content\/uploads\/2015\/03\/trennlinie5.jpg\"><img decoding=\"async\" src=\"https:\/\/www.qv-langenstein-altenburg.ch\/wp-content\/uploads\/2015\/03\/trennlinie5.jpg\" alt=\"\" \/><\/a><\/p>\n<h1>Adventskalender im Quartier Langenstein-Altenburg<\/h1>\n<div class=\"page\" title=\"Page 1\">\n<div class=\"layoutArea\">\n<div class=\"column\">\n<p>Wir erfreuten uns an einem herrlichen Adventskalender in unserem Quartier, der wie jedes Jahr die dunklen Dezemberabende erhellte und Gross und Klein zu einem Abendspaziergang animierte.<strong><a href=\"https:\/\/www.qv-langenstein-altenburg.ch\/wp-content\/uploads\/2015\/03\/trennlinie5.jpg\"><img decoding=\"async\" src=\"https:\/\/www.qv-langenstein-altenburg.ch\/wp-content\/uploads\/2015\/03\/trennlinie5.jpg\" alt=\"\" \/><\/a><\/strong><\/p>\n<\/div>\n<\/div>\n<\/div>\n","protected":false},"excerpt":{"rendered":"<p>113. Generalversammlung des QV Freitag, 24. M\u00e4rz 2017, 19 Uhr, Restaurant Zwyssighof In gewohnter Manier fand die GV 2017 im Restaurant Zwyssighof statt, wo uns erstmals das Team um Herrn Patoli bewirtete. 56 Mitglieder, begr\u00fcsst durch Co-Pr\u00e4sident Beat Suter, genossen zuerst das vom Verein offerierte Menue an den sch\u00f6n dekorierten Tischen im grossen Saal. Anschliessend [&hellip;]<\/p>\n","protected":false},"author":1,"featured_media":0,"parent":0,"menu_order":0,"comment_status":"open","ping_status":"open","template":"","meta":{"_exactmetrics_skip_tracking":false,"_exactmetrics_sitenote_active":false,"_exactmetrics_sitenote_note":"","_exactmetrics_sitenote_category":0,"ngg_post_thumbnail":0,"footnotes":""},"class_list":["post-1484","page","type-page","status-publish","hentry"],"_links":{"self":[{"href":"https:\/\/www.qv-langenstein-altenburg.ch\/index.php?rest_route=\/wp\/v2\/pages\/1484","targetHints":{"allow":["GET"]}}],"collection":[{"href":"https:\/\/www.qv-langenstein-altenburg.ch\/index.php?rest_route=\/wp\/v2\/pages"}],"about":[{"href":"https:\/\/www.qv-langenstein-altenburg.ch\/index.php?rest_route=\/wp\/v2\/types\/page"}],"author":[{"embeddable":true,"href":"https:\/\/www.qv-langenstein-altenburg.ch\/index.php?rest_route=\/wp\/v2\/users\/1"}],"replies":[{"embeddable":true,"href":"https:\/\/www.qv-langenstein-altenburg.ch\/index.php?rest_route=%2Fwp%2Fv2%2Fcomments&post=1484"}],"version-history":[{"count":73,"href":"https:\/\/www.qv-langenstein-altenburg.ch\/index.php?rest_route=\/wp\/v2\/pages\/1484\/revisions"}],"predecessor-version":[{"id":1772,"href":"https:\/\/www.qv-langenstein-altenburg.ch\/index.php?rest_route=\/wp\/v2\/pages\/1484\/revisions\/1772"}],"wp:attachment":[{"href":"https:\/\/www.qv-langenstein-altenburg.ch\/index.php?rest_route=%2Fwp%2Fv2%2Fmedia&parent=1484"}],"curies":[{"name":"wp","href":"https:\/\/api.w.org\/{rel}","templated":true}]}}