{"id":406,"date":"2015-03-11T08:39:37","date_gmt":"2015-03-11T07:39:37","guid":{"rendered":"http:\/\/www.qv-langenstein-altenburg.ch\/?page_id=406"},"modified":"2015-03-20T16:33:20","modified_gmt":"2015-03-20T15:33:20","slug":"du-ich-wir-quartierkultur","status":"publish","type":"page","link":"https:\/\/www.qv-langenstein-altenburg.ch\/?page_id=406","title":{"rendered":"Du-ich-wir: Quartierkultur"},"content":{"rendered":"<p><a href=\"https:\/\/www.qv-langenstein-altenburg.ch\/wp-content\/uploads\/2015\/03\/trennlinie5.jpg\"><img decoding=\"async\" src=\"https:\/\/www.qv-langenstein-altenburg.ch\/wp-content\/uploads\/2015\/03\/trennlinie5.jpg\"\/><\/a><br \/>\n<span style=\"color: #993366;\"><strong>Am Quartierfest-Samstag findet am sp\u00e4teren Nachmittag ein spezieller Programmteil statt:<\/strong><\/span><br \/>\n<span style=\"color: #993366;\"><strong> Dann n\u00e4mlich zeigen die Quartierbewohner-\/innen ihre verborgenen oder offenen Talente auf der B\u00fchne der Quartierkultur.<\/strong><\/span><br \/>\n<span style=\"color: #993366;\"><strong> Singen, tanzen, musizieren, zaubern, malen, Gedichte vortragen und vieles mehr hat Platz.<\/strong><\/span><\/p>\n<p>Wer also unter der Dusche Arien schmettert, mit seiner Kollegin heimlich rappt, wer Bilder malt, ein spezielles Musikinstrument spielt oder eines sehr gut spielt, wer Tango tanzt oder einer Volkstanzgruppe angeh\u00f6rt, wer ein eigenes Gedicht vortragen m\u00f6chte oder einen Move in Street Dance \u2026 alle sind hier herzlich willkommen.<\/p>\n<p><b>Mitmachen d\u00fcrfen alle,<\/b> die im Quartier wohnen, Gross und Klein oder miteinander, alt Eingesessene und frisch Zugezogene aus aller Welt. Die Beitr\u00e4ge d\u00fcrfen klein oder etwas gr\u00f6sser sein, 5 Minuten bis maximal 15 Minuten dauern. Zur Verf\u00fcgung steht neben der B\u00fchne auch Infrastruktur wie Mikrophone, eine Musikanlage und Weiteres.<\/p>\n<p><b>Der Anlass wird moderiert. <\/b>Wir begleiten dich auf die B\u00fchne und bereiten deinen Auftritt mit dir vor.<\/p>\n<p><b>Du musst kein Profi sein<\/b> sondern nur den Mut haben, etwas von deinen Talenten zu zeigen. Es gibt keine Bewertung, aber eine interessierte Zuschauer- und Zuh\u00f6rerschaft.<\/p>\n<p><b>Belohnung ist das Erlebnis,<\/b> bei der Quartierkultur mitgemacht zu haben. Und der Quartierverein offeriert dir eine Verpflegung, damit du dich nach dieser Aufregung wieder st\u00e4rken kannst.<\/p>\n<p>Interessiert es dich, in der Quartierkultur mitzumachen oder kennst du jemanden, der sich daf\u00fcr eignen w\u00fcrde?<br \/>\n<b>Wir freuen uns auf alle Hinweise.<\/b><\/p>\n<p><b>Martin Finschi gibt dir gerne weitere<br \/>\nAusk\u00fcnfte.<br \/>\n<\/b><b>Telefon: 056 426 54 94,<br \/>\n<\/b><b>E-mail: me.finschi@hotmail.com<\/b><\/p>\n<p><strong>Ich will mitmachen an der Quartierkultur am Samstag,<br \/>\n<\/strong><strong>22. August 2015 zwischen 16.00 bis 19.00 Uhr<\/strong><\/p>\n<p class=\"wpcf7-contact-form-not-found\"><strong>Fehler:<\/strong> Kontaktformular wurde nicht gefunden.<\/p>\n","protected":false},"excerpt":{"rendered":"<p>Am Quartierfest-Samstag findet am sp\u00e4teren Nachmittag ein spezieller Programmteil statt: Dann n\u00e4mlich zeigen die Quartierbewohner-\/innen ihre verborgenen oder offenen Talente auf der B\u00fchne der Quartierkultur. Singen, tanzen, musizieren, zaubern, malen, Gedichte vortragen und vieles mehr hat Platz. Wer also unter der Dusche Arien schmettert, mit seiner Kollegin heimlich rappt, wer Bilder malt, ein spezielles Musikinstrument [&hellip;]<\/p>\n","protected":false},"author":1,"featured_media":0,"parent":0,"menu_order":0,"comment_status":"closed","ping_status":"closed","template":"","meta":{"_exactmetrics_skip_tracking":false,"_exactmetrics_sitenote_active":false,"_exactmetrics_sitenote_note":"","_exactmetrics_sitenote_category":0,"ngg_post_thumbnail":0,"footnotes":""},"class_list":["post-406","page","type-page","status-publish","hentry"],"_links":{"self":[{"href":"https:\/\/www.qv-langenstein-altenburg.ch\/index.php?rest_route=\/wp\/v2\/pages\/406","targetHints":{"allow":["GET"]}}],"collection":[{"href":"https:\/\/www.qv-langenstein-altenburg.ch\/index.php?rest_route=\/wp\/v2\/pages"}],"about":[{"href":"https:\/\/www.qv-langenstein-altenburg.ch\/index.php?rest_route=\/wp\/v2\/types\/page"}],"author":[{"embeddable":true,"href":"https:\/\/www.qv-langenstein-altenburg.ch\/index.php?rest_route=\/wp\/v2\/users\/1"}],"replies":[{"embeddable":true,"href":"https:\/\/www.qv-langenstein-altenburg.ch\/index.php?rest_route=%2Fwp%2Fv2%2Fcomments&post=406"}],"version-history":[{"count":8,"href":"https:\/\/www.qv-langenstein-altenburg.ch\/index.php?rest_route=\/wp\/v2\/pages\/406\/revisions"}],"predecessor-version":[{"id":950,"href":"https:\/\/www.qv-langenstein-altenburg.ch\/index.php?rest_route=\/wp\/v2\/pages\/406\/revisions\/950"}],"wp:attachment":[{"href":"https:\/\/www.qv-langenstein-altenburg.ch\/index.php?rest_route=%2Fwp%2Fv2%2Fmedia&parent=406"}],"curies":[{"name":"wp","href":"https:\/\/api.w.org\/{rel}","templated":true}]}}